{"id":1869,"date":"2025-03-10T21:58:14","date_gmt":"2025-03-10T19:58:14","guid":{"rendered":"https:\/\/ideihm.covam.es\/portal\/?page_id=1869"},"modified":"2026-02-27T10:00:08","modified_gmt":"2026-02-27T08:00:08","slug":"aviso-legal","status":"publish","type":"page","link":"https:\/\/ideihm.covam.es\/portal\/aviso-legal\/","title":{"rendered":"Aviso Legal"},"content":{"rendered":"\t\t<div data-elementor-type=\"wp-page\" data-elementor-id=\"1869\" class=\"elementor elementor-1869\">\n\t\t\t\t\t\t<section class=\"elementor-section elementor-top-section elementor-element elementor-element-2c60d49 elementor-section-boxed elementor-section-height-default elementor-section-height-default\" data-id=\"2c60d49\" data-element_type=\"section\" data-settings=\"{&quot;background_background&quot;:&quot;classic&quot;}\">\n\t\t\t\t\t\t\t<div class=\"elementor-background-overlay\"><\/div>\n\t\t\t\t\t\t\t<div class=\"elementor-container elementor-column-gap-default\">\n\t\t\t\t\t<div class=\"elementor-column elementor-col-100 elementor-top-column elementor-element elementor-element-2f2c76b\" data-id=\"2f2c76b\" data-element_type=\"column\">\n\t\t\t<div class=\"elementor-widget-wrap elementor-element-populated\">\n\t\t\t\t\t\t<div class=\"elementor-element elementor-element-07d6c0a elementor-widget elementor-widget-heading\" data-id=\"07d6c0a\" data-element_type=\"widget\" data-widget_type=\"heading.default\">\n\t\t\t\t<div class=\"elementor-widget-container\">\n\t\t\t\t\t<h1 class=\"elementor-heading-title elementor-size-default\">Aviso Legal<\/h1>\t\t\t\t<\/div>\n\t\t\t\t<\/div>\n\t\t\t\t\t<\/div>\n\t\t<\/div>\n\t\t\t\t\t<\/div>\n\t\t<\/section>\n\t\t\t\t<section class=\"elementor-section elementor-top-section elementor-element elementor-element-7c8b10d elementor-section-boxed elementor-section-height-default elementor-section-height-default\" data-id=\"7c8b10d\" data-element_type=\"section\">\n\t\t\t\t\t\t<div class=\"elementor-container elementor-column-gap-default\">\n\t\t\t\t\t<div class=\"elementor-column elementor-col-100 elementor-top-column elementor-element elementor-element-1645216\" data-id=\"1645216\" data-element_type=\"column\">\n\t\t\t<div class=\"elementor-widget-wrap elementor-element-populated\">\n\t\t\t\t\t\t<div class=\"elementor-element elementor-element-083bd6c elementor-widget elementor-widget-text-editor\" data-id=\"083bd6c\" data-element_type=\"widget\" data-widget_type=\"text-editor.default\">\n\t\t\t\t<div class=\"elementor-widget-container\">\n\t\t\t\t\t\t\t\t\t<p>El acceso, navegaci\u00f3n y utilizaci\u00f3n de la direcci\u00f3n general de internet <a href=\"https:\/\/armada.defensa.gob.es\/\">https:\/\/armada.defensa.gob.es\/<\/a> y en particular la direcci\u00f3n <a href=\"https:\/\/ideihm.covam.es\">https:\/\/ideihm.covam.es<\/a> (en adelante, el \u201cSitio Web\u201d) implica la aceptaci\u00f3n de los t\u00e9rminos de las Condiciones de Uso. La Armada le informa de que el acceso y uso de la p\u00e1gina web y todos los subdominios y directorios incluidos bajo la misma, as\u00ed como los servicios o contenidos que a trav\u00e9s de \u00e9l se puedan obtener, est\u00e1n sujetos a los t\u00e9rminos que se detallan en este Aviso Legal, sin perjuicio de que el acceso a alguno de dichos servicios o contenidos pudieran precisar de la aceptaci\u00f3n de unas Condiciones Generales adicionales.<\/p><p>El cumplimiento ser\u00e1 exigible respecto de cualquier usuario que acceda, o utilice el Sitio Web. Por ello, si las consideraciones detalladas en este Aviso Legal no son de su conformidad, rogamos no haga uso del Portal, ya que cualquier uso que haga del mismo o de los servicios y contenidos en \u00e9l incluidos implicar\u00e1 la aceptaci\u00f3n de los t\u00e9rminos legales recogidos en este texto.<\/p><p>La Armada se reserva el derecho a realizar cambios en el Portal sin previo aviso, con el objeto de actualizar, corregir, modificar, a\u00f1adir o eliminar los contenidos del Portal o de su dise\u00f1o. Los contenidos y servicios que ofrece el Portal se actualizan peri\u00f3dicamente. Debido a que la actualizaci\u00f3n de la informaci\u00f3n no es inmediata, le sugerimos que compruebe siempre la vigencia y exactitud de la informaci\u00f3n, servicios y contenidos recogidos en el Portal.<\/p><p>A continuaci\u00f3n, se facilitan los datos de identificaci\u00f3n para garantizar el cumplimiento del art\u00edculo 10 de la Ley 34\/2002, de 11 de julio, de servicios de sociedad de la informaci\u00f3n y de comercio electr\u00f3nico (LSSI):<\/p><ul><li><span style=\"text-decoration: underline;\">Datos de identificaci\u00f3n:<\/span><\/li><\/ul><p style=\"padding-left: 40px;\">Responsable: Armada CIF: S-2815001-I<\/p><p style=\"padding-left: 40px;\">Domicilio: Calle Montalb\u00e1n, 2. 28014-Madrid.<\/p><p style=\"padding-left: 40px;\">Correo electr\u00f3nico: <a href=\"mailto:comunicacion@fn.mde.es\">comunicacion@fn.mde.es<\/a><\/p><p>\u00a0<\/p><ul><li><span style=\"text-decoration: underline;\">Derechos de propiedad intelectual y de propiedad industrial:<\/span><\/li><\/ul><p style=\"padding-left: 40px;\">Tanto el dise\u00f1o del Portal y sus c\u00f3digos fuente, como los logos, marcas, y dem\u00e1s signos distintivos que aparecen en el mismo, pertenecen a la Armada o entidades colaboradoras y est\u00e1n protegidos por los correspondientes derechos de propiedad intelectual e industrial. Igualmente est\u00e1n protegidos por los correspondientes derechos de propiedad intelectual e industrial las im\u00e1genes, etc. contenidos en el servidor de la Armada y del Ministerio de Defensa.<\/p><p>La Armada declara su respeto a los derechos de propiedad intelectual e industrial de terceros; por ello, si considera que este sitio pudiera estar violando sus derechos, rogamos se ponga en contacto con el Armada en la siguiente direcci\u00f3n de e-mail: <a href=\"mailto:comunicacion@fn.mde.es\">comunicacion@fn.mde.es<\/a>.<\/p><p>El responsable proh\u00edbe expresamente la realizaci\u00f3n de \u00abframings\u00bb o la utilizaci\u00f3n por parte de terceros de cualesquiera otros mecanismos que alteren el dise\u00f1o, configuraci\u00f3n original o contenidos de su portal.<\/p><ul><li><span style=\"text-decoration: underline;\">Ley aplicable y jurisdicci\u00f3n: <\/span><\/li><\/ul><p style=\"padding-left: 40px;\">En caso de conflicto entre las parte de este Aviso Legal, se informa al usuario que la entidad responsable de la p\u00e1gina web, est\u00e1 sujeto a la ley y tribunales espa\u00f1oles.<\/p><ul><li><span style=\"text-decoration: underline;\">Pol\u00edtica de certificados electr\u00f3nicos:<\/span><\/li><\/ul><p style=\"padding-left: 40px;\">Para poder acceder a los servicios y tr\u00e1mites de la Armada a trav\u00e9s de certificado electr\u00f3nico deber\u00e1 acreditar su identidad y, en los casos que as\u00ed se requiera, firmar electr\u00f3nicamente los escritos presentados. Para estos fines, se aceptar\u00e1n los certificados digitales admitidos por la Administraci\u00f3n General del Estado.<\/p><ul><li><span style=\"text-decoration: underline;\">Links o enlaces de terceros:<\/span><\/li><\/ul><p style=\"padding-left: 40px;\">La Armada se exime de responsabilidad sobre la informaci\u00f3n alojada en enlaces u otros medios a los que se redirija desde esta p\u00e1gina web; as\u00ed mismo, no se hace responsable del uso que puedan dar terceras personas al contenido obtenido a trav\u00e9s de esta p\u00e1gina web.<\/p>\t\t\t\t\t\t\t\t<\/div>\n\t\t\t\t<\/div>\n\t\t\t\t\t<\/div>\n\t\t<\/div>\n\t\t\t\t\t<\/div>\n\t\t<\/section>\n\t\t\t\t<\/div>\n\t\t","protected":false},"excerpt":{"rendered":"<p>Aviso Legal El acceso, navegaci\u00f3n y utilizaci\u00f3n de la direcci\u00f3n general de internet https:\/\/armada.defensa.gob.es\/ y en particular la direcci\u00f3n https:\/\/ideihm.covam.es (en adelante, el \u201cSitio Web\u201d) implica la aceptaci\u00f3n de los t\u00e9rminos de las Condiciones de Uso. La Armada le informa de que el acceso y uso de la p\u00e1gina web y todos los subdominios y [&hellip;]<\/p>\n","protected":false},"author":4,"featured_media":0,"parent":0,"menu_order":0,"comment_status":"closed","ping_status":"closed","template":"elementor_header_footer","meta":{"footnotes":""},"class_list":["post-1869","page","type-page","status-publish","hentry"],"yoast_head":"<!-- This site is optimized with the Yoast SEO plugin v26.2 - https:\/\/yoast.com\/wordpress\/plugins\/seo\/ -->\r\n<title>Aviso Legal - IdeIHM<\/title>\r\n<meta name=\"description\" content=\"Lee el Aviso Legal del geoportal IDE-IHM: condiciones de uso, responsabilidades y garant\u00edas, propiedad intelectual, uso de contenidos y enlaces, y normativa aplicable del sitio gestionado por la Armada.\" \/>\r\n<meta name=\"robots\" content=\"index, follow, max-snippet:-1, max-image-preview:large, max-video-preview:-1\" \/>\r\n<link rel=\"canonical\" href=\"https:\/\/ideihm.covam.es\/portal\/aviso-legal\/\" \/>\r\n<meta property=\"og:locale\" content=\"es_ES\" \/>\r\n<meta property=\"og:type\" content=\"article\" \/>\r\n<meta property=\"og:title\" content=\"Aviso Legal - IdeIHM\" \/>\r\n<meta property=\"og:description\" content=\"Lee el Aviso Legal del geoportal IDE-IHM: condiciones de uso, responsabilidades y garant\u00edas, propiedad intelectual, uso de contenidos y enlaces, y normativa aplicable del sitio gestionado por la Armada.\" \/>\r\n<meta property=\"og:url\" content=\"https:\/\/ideihm.covam.es\/portal\/aviso-legal\/\" \/>\r\n<meta property=\"og:site_name\" content=\"IdeIHM\" \/>\r\n<meta property=\"article:modified_time\" content=\"2026-02-27T08:00:08+00:00\" \/>\r\n<meta name=\"twitter:card\" content=\"summary_large_image\" \/>\r\n<meta name=\"twitter:label1\" content=\"Tiempo de lectura\" \/>\n\t<meta name=\"twitter:data1\" content=\"3 minutos\" \/>\r\n<script type=\"application\/ld+json\" class=\"yoast-schema-graph\">{\"@context\":\"https:\/\/schema.org\",\"@graph\":[{\"@type\":\"WebPage\",\"@id\":\"https:\/\/ideihm.covam.es\/portal\/aviso-legal\/\",\"url\":\"https:\/\/ideihm.covam.es\/portal\/aviso-legal\/\",\"name\":\"Aviso Legal - IdeIHM\",\"isPartOf\":{\"@id\":\"https:\/\/ideihm.covam.es\/portal\/#website\"},\"datePublished\":\"2025-03-10T19:58:14+00:00\",\"dateModified\":\"2026-02-27T08:00:08+00:00\",\"description\":\"Lee el Aviso Legal del geoportal IDE-IHM: condiciones de uso, responsabilidades y garant\u00edas, propiedad intelectual, uso de contenidos y enlaces, y normativa aplicable del sitio gestionado por la Armada.\",\"breadcrumb\":{\"@id\":\"https:\/\/ideihm.covam.es\/portal\/aviso-legal\/#breadcrumb\"},\"inLanguage\":\"es\",\"potentialAction\":[{\"@type\":\"ReadAction\",\"target\":[\"https:\/\/ideihm.covam.es\/portal\/aviso-legal\/\"]}]},{\"@type\":\"BreadcrumbList\",\"@id\":\"https:\/\/ideihm.covam.es\/portal\/aviso-legal\/#breadcrumb\",\"itemListElement\":[{\"@type\":\"ListItem\",\"position\":1,\"name\":\"Portada\",\"item\":\"https:\/\/ideihm.covam.es\/portal\/\"},{\"@type\":\"ListItem\",\"position\":2,\"name\":\"Aviso Legal\"}]},{\"@type\":\"WebSite\",\"@id\":\"https:\/\/ideihm.covam.es\/portal\/#website\",\"url\":\"https:\/\/ideihm.covam.es\/portal\/\",\"name\":\"IdeIHM\",\"description\":\"Geoportal de la Infraestructura de datos espaciales del Instituto Hidrogr\u00e1fico de la Marina\",\"publisher\":{\"@id\":\"https:\/\/ideihm.covam.es\/portal\/#organization\"},\"potentialAction\":[{\"@type\":\"SearchAction\",\"target\":{\"@type\":\"EntryPoint\",\"urlTemplate\":\"https:\/\/ideihm.covam.es\/portal\/?s={search_term_string}\"},\"query-input\":{\"@type\":\"PropertyValueSpecification\",\"valueRequired\":true,\"valueName\":\"search_term_string\"}}],\"inLanguage\":\"es\"},{\"@type\":\"Organization\",\"@id\":\"https:\/\/ideihm.covam.es\/portal\/#organization\",\"name\":\"IdeIHM\",\"url\":\"https:\/\/ideihm.covam.es\/portal\/\",\"logo\":{\"@type\":\"ImageObject\",\"inLanguage\":\"es\",\"@id\":\"https:\/\/ideihm.covam.es\/portal\/#\/schema\/logo\/image\/\",\"url\":\"https:\/\/ideihm.covam.es\/portal\/wp-content\/uploads\/logo-ide-ihm.png\",\"contentUrl\":\"https:\/\/ideihm.covam.es\/portal\/wp-content\/uploads\/logo-ide-ihm.png\",\"width\":153,\"height\":153,\"caption\":\"IdeIHM\"},\"image\":{\"@id\":\"https:\/\/ideihm.covam.es\/portal\/#\/schema\/logo\/image\/\"}}]}<\/script>\r\n<!-- \/ Yoast SEO plugin. -->","yoast_head_json":{"title":"Aviso Legal - IdeIHM","description":"Lee el Aviso Legal del geoportal IDE-IHM: condiciones de uso, responsabilidades y garant\u00edas, propiedad intelectual, uso de contenidos y enlaces, y normativa aplicable del sitio gestionado por la Armada.","robots":{"index":"index","follow":"follow","max-snippet":"max-snippet:-1","max-image-preview":"max-image-preview:large","max-video-preview":"max-video-preview:-1"},"canonical":"https:\/\/ideihm.covam.es\/portal\/aviso-legal\/","og_locale":"es_ES","og_type":"article","og_title":"Aviso Legal - IdeIHM","og_description":"Lee el Aviso Legal del geoportal IDE-IHM: condiciones de uso, responsabilidades y garant\u00edas, propiedad intelectual, uso de contenidos y enlaces, y normativa aplicable del sitio gestionado por la Armada.","og_url":"https:\/\/ideihm.covam.es\/portal\/aviso-legal\/","og_site_name":"IdeIHM","article_modified_time":"2026-02-27T08:00:08+00:00","twitter_card":"summary_large_image","twitter_misc":{"Tiempo de lectura":"3 minutos"},"schema":{"@context":"https:\/\/schema.org","@graph":[{"@type":"WebPage","@id":"https:\/\/ideihm.covam.es\/portal\/aviso-legal\/","url":"https:\/\/ideihm.covam.es\/portal\/aviso-legal\/","name":"Aviso Legal - IdeIHM","isPartOf":{"@id":"https:\/\/ideihm.covam.es\/portal\/#website"},"datePublished":"2025-03-10T19:58:14+00:00","dateModified":"2026-02-27T08:00:08+00:00","description":"Lee el Aviso Legal del geoportal IDE-IHM: condiciones de uso, responsabilidades y garant\u00edas, propiedad intelectual, uso de contenidos y enlaces, y normativa aplicable del sitio gestionado por la Armada.","breadcrumb":{"@id":"https:\/\/ideihm.covam.es\/portal\/aviso-legal\/#breadcrumb"},"inLanguage":"es","potentialAction":[{"@type":"ReadAction","target":["https:\/\/ideihm.covam.es\/portal\/aviso-legal\/"]}]},{"@type":"BreadcrumbList","@id":"https:\/\/ideihm.covam.es\/portal\/aviso-legal\/#breadcrumb","itemListElement":[{"@type":"ListItem","position":1,"name":"Portada","item":"https:\/\/ideihm.covam.es\/portal\/"},{"@type":"ListItem","position":2,"name":"Aviso Legal"}]},{"@type":"WebSite","@id":"https:\/\/ideihm.covam.es\/portal\/#website","url":"https:\/\/ideihm.covam.es\/portal\/","name":"IdeIHM","description":"Geoportal de la Infraestructura de datos espaciales del Instituto Hidrogr\u00e1fico de la Marina","publisher":{"@id":"https:\/\/ideihm.covam.es\/portal\/#organization"},"potentialAction":[{"@type":"SearchAction","target":{"@type":"EntryPoint","urlTemplate":"https:\/\/ideihm.covam.es\/portal\/?s={search_term_string}"},"query-input":{"@type":"PropertyValueSpecification","valueRequired":true,"valueName":"search_term_string"}}],"inLanguage":"es"},{"@type":"Organization","@id":"https:\/\/ideihm.covam.es\/portal\/#organization","name":"IdeIHM","url":"https:\/\/ideihm.covam.es\/portal\/","logo":{"@type":"ImageObject","inLanguage":"es","@id":"https:\/\/ideihm.covam.es\/portal\/#\/schema\/logo\/image\/","url":"https:\/\/ideihm.covam.es\/portal\/wp-content\/uploads\/logo-ide-ihm.png","contentUrl":"https:\/\/ideihm.covam.es\/portal\/wp-content\/uploads\/logo-ide-ihm.png","width":153,"height":153,"caption":"IdeIHM"},"image":{"@id":"https:\/\/ideihm.covam.es\/portal\/#\/schema\/logo\/image\/"}}]}},"_links":{"self":[{"href":"https:\/\/ideihm.covam.es\/portal\/wp-json\/wp\/v2\/pages\/1869","targetHints":{"allow":["GET"]}}],"collection":[{"href":"https:\/\/ideihm.covam.es\/portal\/wp-json\/wp\/v2\/pages"}],"about":[{"href":"https:\/\/ideihm.covam.es\/portal\/wp-json\/wp\/v2\/types\/page"}],"author":[{"embeddable":true,"href":"https:\/\/ideihm.covam.es\/portal\/wp-json\/wp\/v2\/users\/4"}],"replies":[{"embeddable":true,"href":"https:\/\/ideihm.covam.es\/portal\/wp-json\/wp\/v2\/comments?post=1869"}],"version-history":[{"count":4,"href":"https:\/\/ideihm.covam.es\/portal\/wp-json\/wp\/v2\/pages\/1869\/revisions"}],"predecessor-version":[{"id":1873,"href":"https:\/\/ideihm.covam.es\/portal\/wp-json\/wp\/v2\/pages\/1869\/revisions\/1873"}],"wp:attachment":[{"href":"https:\/\/ideihm.covam.es\/portal\/wp-json\/wp\/v2\/media?parent=1869"}],"curies":[{"name":"wp","href":"https:\/\/api.w.org\/{rel}","templated":true}]}}