{"id":1941,"date":"2026-03-04T10:43:06","date_gmt":"2026-03-04T08:43:06","guid":{"rendered":"https:\/\/ideihm.covam.es\/portal\/?page_id=1941"},"modified":"2026-03-04T10:49:12","modified_gmt":"2026-03-04T08:49:12","slug":"gtlc","status":"publish","type":"page","link":"https:\/\/ideihm.covam.es\/portal\/gtlc\/","title":{"rendered":"Marco Normativo LC &#8211; GT-LC"},"content":{"rendered":"\t\t<div data-elementor-type=\"wp-page\" data-elementor-id=\"1941\" class=\"elementor elementor-1941\">\n\t\t\t\t\t\t<section class=\"elementor-section elementor-top-section elementor-element elementor-element-2c60d49 elementor-section-boxed elementor-section-height-default elementor-section-height-default\" data-id=\"2c60d49\" data-element_type=\"section\" data-settings=\"{&quot;background_background&quot;:&quot;classic&quot;}\">\n\t\t\t\t\t\t\t<div class=\"elementor-background-overlay\"><\/div>\n\t\t\t\t\t\t\t<div class=\"elementor-container elementor-column-gap-default\">\n\t\t\t\t\t<div class=\"elementor-column elementor-col-100 elementor-top-column elementor-element elementor-element-2f2c76b\" data-id=\"2f2c76b\" data-element_type=\"column\">\n\t\t\t<div class=\"elementor-widget-wrap elementor-element-populated\">\n\t\t\t\t\t\t<div class=\"elementor-element elementor-element-07d6c0a elementor-widget elementor-widget-heading\" data-id=\"07d6c0a\" data-element_type=\"widget\" data-widget_type=\"heading.default\">\n\t\t\t\t<div class=\"elementor-widget-container\">\n\t\t\t\t\t<h1 class=\"elementor-heading-title elementor-size-default\">Marco Normativo L\u00ednea de Costa - GTLC<\/h1>\t\t\t\t<\/div>\n\t\t\t\t<\/div>\n\t\t\t\t\t<\/div>\n\t\t<\/div>\n\t\t\t\t\t<\/div>\n\t\t<\/section>\n\t\t\t\t<section class=\"elementor-section elementor-top-section elementor-element elementor-element-4d64ea5 elementor-section-boxed elementor-section-height-default elementor-section-height-default\" data-id=\"4d64ea5\" data-element_type=\"section\">\n\t\t\t\t\t\t<div class=\"elementor-container elementor-column-gap-default\">\n\t\t\t\t\t<div class=\"elementor-column elementor-col-100 elementor-top-column elementor-element elementor-element-9d03b0f\" data-id=\"9d03b0f\" data-element_type=\"column\">\n\t\t\t<div class=\"elementor-widget-wrap elementor-element-populated\">\n\t\t\t\t\t\t<div class=\"elementor-element elementor-element-3147afc elementor-widget elementor-widget-text-editor\" data-id=\"3147afc\" data-element_type=\"widget\" data-widget_type=\"text-editor.default\">\n\t\t\t\t<div class=\"elementor-widget-container\">\n\t\t\t\t\t\t\t\t\tA continuaci\u00f3n se relacionan los documentos que contienen legislaci\u00f3n relacionada con los contenidos del documento de\n<a href=\"\/GTTLC\/Doc 5_1 Borrador Marco normativo vigente delimitaciones maritimas y LC.pdf\" target=\"_blank\" rel=\"noopener\">\nDoc 5_1 Borrador Marco normativo vigente delimitaciones maritimas y LC.pdf<\/a>, recopilado por el Grupo de Trabajo L\u00ednea de Costa (GTLC) de la CIEM:\n<ul>\n \t<li><a href=\"\/GTTLC\/1.a.-ley_7_86_ordenacion_cartografia.pdf\" target=\"_blank\" rel=\"noopener\">1.a.-ley_7_86_ordenacion_cartografia\n<\/a><\/li>\n \t<li><a href=\"\/GTTLC\/1.b.-RD_1071_2007_sistema_geod\u00e9sico_de_referencia_oficial_enEspa\u00f1a.pdf\" target=\"_blank\" rel=\"noopener\">1.b.-RD_1071_2007_sistema_geod\u00e9sico_de_referencia_oficial_enEspa\u00f1a\n<\/a><\/li>\n \t<li><a href=\"\/GTTLC\/1.c.-RD_1545_2007_Sistema_Cartografico.pdf\" target=\"_blank\" rel=\"noopener\">1.c.-RD_1545_2007_Sistema_Cartografico\n<\/a><\/li>\n \t<li><a href=\"\/GTTLC\/1.d.-ley_22_1988_de costas_consolidado.pdf\" target=\"_blank\" rel=\"noopener\">1.d.-ley_22_1988_de costas_consolidado\n<\/a><\/li>\n \t<li><a href=\"\/GTTLC\/1.e.-RD_2_2011_Ley_de_Puertos_del_Estado_y_de_la_Marina_Mercante_BOE-A-2011-16467-consolidado.pdf\" target=\"_blank\" rel=\"noopener\">1.e.-RD_2_2011_Ley_de_Puertos_del_Estado_y_de_la_Marina_Mercante\n<\/a><\/li>\n \t<li><a href=\"\/GTTLC\/1.f.-ley 2_13 uso sostenible litoral.pdf\" target=\"_blank\" rel=\"noopener\">1.f.-ley 2_13 uso sostenible litoral\n<\/a><\/li>\n \t<li><a href=\"\/GTTLC\/1.g.-ley_3_2001_de_pesca.pdf\" target=\"_blank\" rel=\"noopener\">1.g.-ley_3_2001_de_pesca\n<\/a><\/li>\n \t<li><a href=\"\/GTTLC\/1.h.-ley_14_2010_LISIGE.pdf\" target=\"_blank\" rel=\"noopener\">1.h.-ley_14_2010_LISIGE\n<\/a><\/li>\n \t<li><a href=\"\/GTTLC\/1.i.-ley_14_2014_navegaci\u00f3n_mar\u00edtima.pdf\" target=\"_blank\" rel=\"noopener\">1.i.-ley_14_2014_navegaci\u00f3n_mar\u00edtima\n<\/a><\/li>\n \t<li><a href=\"\/GTTLC\/1.j.-Ley_41_2010_de_protecci\u00f3n_del_medio_marino.pdf\" target=\"_blank\" rel=\"noopener\">1.j.-Ley_41_2010_de_protecci\u00f3n_del_medio_marino\n<\/a><\/li>\n \t<li><a href=\"\/GTTLC\/2.a.- Ley_10_1977_mar_terrirtorial_BOE-A-1977-465-consolidado.pdf\" target=\"_blank\" rel=\"noopener\">2.a.- Ley_10_1977_mar_terrirtorial_BOE-A-1977-465-consolidado\n<\/a><\/li>\n \t<li><a href=\"\/GTTLC\/2.b.-RD_2510_1977_LBR.pdf\" target=\"_blank\" rel=\"noopener\">2.b.-RD_2510_1977_LBR\n<\/a><\/li>\n \t<li><a href=\"\/GTTLC\/2.c.-ley_15_78_ZEE.pdf\" target=\"_blank\" rel=\"noopener\">2.c.-ley_15_78_ZEE\n<\/a><\/li>\n \t<li><a href=\"\/GTTLC\/2.d.-RD_431_2000_zona_protecci\u00f3n_pesquera_mediterr\u00e1neo.pdf\" target=\"_blank\" rel=\"noopener\">2.d.-RD_431_2000_zona_protecci\u00f3n_pesquera_mediterr\u00e1neo\n<\/a><\/li>\n \t<li><a href=\"\/GTTLC\/2.e.-RD_236_2013_ZEE_mediterr\u00e1neo.pdf\" target=\"_blank\" rel=\"noopener\">2.e.-RD_236_2013_ZEE_mediterr\u00e1neo\n<\/a><\/li>\n \t<li><a href=\"\/GTTLC\/2.f.-RD_876_2014_Reglamento_general_costas.pdf\" target=\"_blank\" rel=\"noopener\">2.f.-RD_876_2014_Reglamento_general_costas\n<\/a><\/li>\n \t<li><a href=\"\/GTTLC\/3.a.-unclos_cnudm.pdf\" target=\"_blank\" rel=\"noopener\">3.a.-unclos_cnudm\n<\/a><\/li>\n \t<li><a href=\"\/GTTLC\/3.b.-instrumento_validaci\u00f3n_unclos.pdf\" target=\"_blank\" rel=\"noopener\">3.b.-instrumento_validaci\u00f3n_unclos\n<\/a><\/li>\n \t<li><a href=\"\/GTTLC\/3.c.-convenio_espa\u00f1a_italia_plataforma_continental.pdf\" target=\"_blank\" rel=\"noopener\">3.c.-convenio_espa\u00f1a_italia_plataforma_continental\n<\/a><\/li>\n \t<li><a href=\"\/GTTLC\/3.d.1.-Espa\u00f1a_Francia_mar territorial_boe_159_75.pdf\" target=\"_blank\" rel=\"noopener\">3.d.1.-Espa\u00f1a_Francia_mar territorial_boe_159_75\n<\/a><\/li>\n \t<li><a href=\"\/GTTLC\/3.d.2.-Espa\u00f1a_Francia_plataforma continental_boe_163_75.pdf\" target=\"_blank\" rel=\"noopener\">3.d.2.-Espa\u00f1a_Francia_plataforma continental_boe_163_75.pdf\n<\/a><\/li>\n \t<li><a href=\"\/GTTLC\/3.f.-Tratado_Espa\u00f1a_Portugal_Desembocadura_Mi\u00f1o_y_Guadiana.pdf\" target=\"_blank\" rel=\"noopener\">3.f.-Tratado_Espa\u00f1a_Portugal_Desembocadura_Mi\u00f1o_y_Guadiana.pdf\n<\/a><\/li>\n \t<li><a href=\"\/GTTLC\/4.a.-RDL_1_2001_de_aguas.pdf\" target=\"_blank\" rel=\"noopener\">4.a.-RDL_1_2001_de_aguas\n<\/a><\/li>\n \t<li><a href=\"\/GTTLC\/4.b.-ORDEN_ARM_2656_2008_planificaci\u00f3n_hidrol\u00f3gica.pdf\" target=\"_blank\" rel=\"noopener\">4.b.-ORDEN_ARM_2656_2008_planificaci\u00f3n_hidrol\u00f3gica\n<\/a><\/li>\n \t<li><a href=\"\/GTTLC\/4.c.- RD_876_2014_Reglamento_General_Costas.pdf\" target=\"_blank\" rel=\"noopener\">4.c.- RD_876_2014_Reglamento_General_Costas\n<\/a><\/li>\n \t<li><a href=\"\/GTTLC\/4.d.-Directiva Inspire.pdf\" target=\"_blank\" rel=\"noopener\">4.d.-Directiva Inspire\n<\/a><\/li>\n \t<li><a href=\"\/GTTLC\/4.d.1.-INSPIRE_DataSpecification_AU_v3.1.pdf\" target=\"_blank\" rel=\"noopener\">4.d.1.-INSPIRE_DataSpecification_AU_v3.1\n<\/a><\/li>\n \t<li><a href=\"\/GTTLC\/4.d.2.-INSPIRE_DataSpecification_HY_v3.1.pdf\" target=\"_blank\" rel=\"noopener\">4.d.2.-INSPIRE_DataSpecification_HY_v3.1\n<\/a><\/li>\n \t<li><a href=\"\/GTTLC\/4.d.3.-INSPIRE_dataspecification_SR_v3.0.pdf\" target=\"_blank\" rel=\"noopener\">4.d.3.-INSPIRE_dataspecification_SR_v3.0\n<\/a><\/li>\n \t<li><a href=\"\/GTTLC\/4.e.-REGLAMENTO_UE_1089_2010.pdf\" target=\"_blank\" rel=\"noopener\">4.e.-REGLAMENTO_UE_1089_2010\n<\/a><\/li>\n \t<li><a href=\"\/GTTLC\/4.f.-S4_esp_vigor.pdf\" target=\"_blank\" rel=\"noopener\">4.f.-S4_esp_vigor\n<\/a><\/li>\n \t<li><a href=\"\/GTTLC\/4.i.-Linea_de_Pleamar.pdf\" target=\"_blank\" rel=\"noopener\">4.i.-Linea_de_Pleamar\n<\/a><\/li>\n \t<li><a href=\"\/GTTLC\/4.j.-Cero_Hidrografico.pdf\" target=\"_blank\" rel=\"noopener\">4.j.-Cero_Hidrografico\n<\/a><\/li>\n<\/ul>\t\t\t\t\t\t\t\t<\/div>\n\t\t\t\t<\/div>\n\t\t\t\t\t<\/div>\n\t\t<\/div>\n\t\t\t\t\t<\/div>\n\t\t<\/section>\n\t\t\t\t<\/div>\n\t\t","protected":false},"excerpt":{"rendered":"<p>Marco Normativo que afecta a la definici\u00f3n de l\u00ednea de Costa. Documentaci\u00f3n de GT-LC de la CIEM.<\/p>\n","protected":false},"author":4,"featured_media":0,"parent":0,"menu_order":0,"comment_status":"closed","ping_status":"closed","template":"elementor_header_footer","meta":{"footnotes":""},"class_list":["post-1941","page","type-page","status-publish","hentry"],"yoast_head":"<!-- This site is optimized with the Yoast SEO plugin v26.2 - https:\/\/yoast.com\/wordpress\/plugins\/seo\/ -->\r\n<title>Marco Normativo LC - GT-LC - IdeIHM<\/title>\r\n<meta name=\"description\" content=\"Consulta la legislaci\u00f3n y normativa donde aparece el concepto de L\u00ednea de Costa. Es documentaci\u00f3n de uso por el GT-LC de la CIEM.\" \/>\r\n<meta name=\"robots\" content=\"index, follow, max-snippet:-1, max-image-preview:large, max-video-preview:-1\" \/>\r\n<link rel=\"canonical\" href=\"https:\/\/ideihm.covam.es\/portal\/gtlc\/\" \/>\r\n<meta property=\"og:locale\" content=\"es_ES\" \/>\r\n<meta property=\"og:type\" content=\"article\" \/>\r\n<meta property=\"og:title\" content=\"Marco Normativo LC - GT-LC - IdeIHM\" \/>\r\n<meta property=\"og:description\" content=\"Consulta la legislaci\u00f3n y normativa donde aparece el concepto de L\u00ednea de Costa. Es documentaci\u00f3n de uso por el GT-LC de la CIEM.\" \/>\r\n<meta property=\"og:url\" content=\"https:\/\/ideihm.covam.es\/portal\/gtlc\/\" \/>\r\n<meta property=\"og:site_name\" content=\"IdeIHM\" \/>\r\n<meta property=\"article:modified_time\" content=\"2026-03-04T08:49:12+00:00\" \/>\r\n<meta name=\"twitter:card\" content=\"summary_large_image\" \/>\r\n<meta name=\"twitter:label1\" content=\"Tiempo de lectura\" \/>\n\t<meta name=\"twitter:data1\" content=\"1 minuto\" \/>\r\n<script type=\"application\/ld+json\" class=\"yoast-schema-graph\">{\"@context\":\"https:\/\/schema.org\",\"@graph\":[{\"@type\":\"WebPage\",\"@id\":\"https:\/\/ideihm.covam.es\/portal\/gtlc\/\",\"url\":\"https:\/\/ideihm.covam.es\/portal\/gtlc\/\",\"name\":\"Marco Normativo LC - GT-LC - IdeIHM\",\"isPartOf\":{\"@id\":\"https:\/\/ideihm.covam.es\/portal\/#website\"},\"datePublished\":\"2026-03-04T08:43:06+00:00\",\"dateModified\":\"2026-03-04T08:49:12+00:00\",\"description\":\"Consulta la legislaci\u00f3n y normativa donde aparece el concepto de L\u00ednea de Costa. Es documentaci\u00f3n de uso por el GT-LC de la CIEM.\",\"breadcrumb\":{\"@id\":\"https:\/\/ideihm.covam.es\/portal\/gtlc\/#breadcrumb\"},\"inLanguage\":\"es\",\"potentialAction\":[{\"@type\":\"ReadAction\",\"target\":[\"https:\/\/ideihm.covam.es\/portal\/gtlc\/\"]}]},{\"@type\":\"BreadcrumbList\",\"@id\":\"https:\/\/ideihm.covam.es\/portal\/gtlc\/#breadcrumb\",\"itemListElement\":[{\"@type\":\"ListItem\",\"position\":1,\"name\":\"Portada\",\"item\":\"https:\/\/ideihm.covam.es\/portal\/\"},{\"@type\":\"ListItem\",\"position\":2,\"name\":\"Marco Normativo LC &#8211; GT-LC\"}]},{\"@type\":\"WebSite\",\"@id\":\"https:\/\/ideihm.covam.es\/portal\/#website\",\"url\":\"https:\/\/ideihm.covam.es\/portal\/\",\"name\":\"IdeIHM\",\"description\":\"Geoportal de la Infraestructura de datos espaciales del Instituto Hidrogr\u00e1fico de la Marina\",\"publisher\":{\"@id\":\"https:\/\/ideihm.covam.es\/portal\/#organization\"},\"potentialAction\":[{\"@type\":\"SearchAction\",\"target\":{\"@type\":\"EntryPoint\",\"urlTemplate\":\"https:\/\/ideihm.covam.es\/portal\/?s={search_term_string}\"},\"query-input\":{\"@type\":\"PropertyValueSpecification\",\"valueRequired\":true,\"valueName\":\"search_term_string\"}}],\"inLanguage\":\"es\"},{\"@type\":\"Organization\",\"@id\":\"https:\/\/ideihm.covam.es\/portal\/#organization\",\"name\":\"IdeIHM\",\"url\":\"https:\/\/ideihm.covam.es\/portal\/\",\"logo\":{\"@type\":\"ImageObject\",\"inLanguage\":\"es\",\"@id\":\"https:\/\/ideihm.covam.es\/portal\/#\/schema\/logo\/image\/\",\"url\":\"https:\/\/ideihm.covam.es\/portal\/wp-content\/uploads\/logo-ide-ihm.png\",\"contentUrl\":\"https:\/\/ideihm.covam.es\/portal\/wp-content\/uploads\/logo-ide-ihm.png\",\"width\":153,\"height\":153,\"caption\":\"IdeIHM\"},\"image\":{\"@id\":\"https:\/\/ideihm.covam.es\/portal\/#\/schema\/logo\/image\/\"}}]}<\/script>\r\n<!-- \/ Yoast SEO plugin. -->","yoast_head_json":{"title":"Marco Normativo LC - GT-LC - IdeIHM","description":"Consulta la legislaci\u00f3n y normativa donde aparece el concepto de L\u00ednea de Costa. Es documentaci\u00f3n de uso por el GT-LC de la CIEM.","robots":{"index":"index","follow":"follow","max-snippet":"max-snippet:-1","max-image-preview":"max-image-preview:large","max-video-preview":"max-video-preview:-1"},"canonical":"https:\/\/ideihm.covam.es\/portal\/gtlc\/","og_locale":"es_ES","og_type":"article","og_title":"Marco Normativo LC - GT-LC - IdeIHM","og_description":"Consulta la legislaci\u00f3n y normativa donde aparece el concepto de L\u00ednea de Costa. Es documentaci\u00f3n de uso por el GT-LC de la CIEM.","og_url":"https:\/\/ideihm.covam.es\/portal\/gtlc\/","og_site_name":"IdeIHM","article_modified_time":"2026-03-04T08:49:12+00:00","twitter_card":"summary_large_image","twitter_misc":{"Tiempo de lectura":"1 minuto"},"schema":{"@context":"https:\/\/schema.org","@graph":[{"@type":"WebPage","@id":"https:\/\/ideihm.covam.es\/portal\/gtlc\/","url":"https:\/\/ideihm.covam.es\/portal\/gtlc\/","name":"Marco Normativo LC - GT-LC - IdeIHM","isPartOf":{"@id":"https:\/\/ideihm.covam.es\/portal\/#website"},"datePublished":"2026-03-04T08:43:06+00:00","dateModified":"2026-03-04T08:49:12+00:00","description":"Consulta la legislaci\u00f3n y normativa donde aparece el concepto de L\u00ednea de Costa. Es documentaci\u00f3n de uso por el GT-LC de la CIEM.","breadcrumb":{"@id":"https:\/\/ideihm.covam.es\/portal\/gtlc\/#breadcrumb"},"inLanguage":"es","potentialAction":[{"@type":"ReadAction","target":["https:\/\/ideihm.covam.es\/portal\/gtlc\/"]}]},{"@type":"BreadcrumbList","@id":"https:\/\/ideihm.covam.es\/portal\/gtlc\/#breadcrumb","itemListElement":[{"@type":"ListItem","position":1,"name":"Portada","item":"https:\/\/ideihm.covam.es\/portal\/"},{"@type":"ListItem","position":2,"name":"Marco Normativo LC &#8211; GT-LC"}]},{"@type":"WebSite","@id":"https:\/\/ideihm.covam.es\/portal\/#website","url":"https:\/\/ideihm.covam.es\/portal\/","name":"IdeIHM","description":"Geoportal de la Infraestructura de datos espaciales del Instituto Hidrogr\u00e1fico de la Marina","publisher":{"@id":"https:\/\/ideihm.covam.es\/portal\/#organization"},"potentialAction":[{"@type":"SearchAction","target":{"@type":"EntryPoint","urlTemplate":"https:\/\/ideihm.covam.es\/portal\/?s={search_term_string}"},"query-input":{"@type":"PropertyValueSpecification","valueRequired":true,"valueName":"search_term_string"}}],"inLanguage":"es"},{"@type":"Organization","@id":"https:\/\/ideihm.covam.es\/portal\/#organization","name":"IdeIHM","url":"https:\/\/ideihm.covam.es\/portal\/","logo":{"@type":"ImageObject","inLanguage":"es","@id":"https:\/\/ideihm.covam.es\/portal\/#\/schema\/logo\/image\/","url":"https:\/\/ideihm.covam.es\/portal\/wp-content\/uploads\/logo-ide-ihm.png","contentUrl":"https:\/\/ideihm.covam.es\/portal\/wp-content\/uploads\/logo-ide-ihm.png","width":153,"height":153,"caption":"IdeIHM"},"image":{"@id":"https:\/\/ideihm.covam.es\/portal\/#\/schema\/logo\/image\/"}}]}},"_links":{"self":[{"href":"https:\/\/ideihm.covam.es\/portal\/wp-json\/wp\/v2\/pages\/1941","targetHints":{"allow":["GET"]}}],"collection":[{"href":"https:\/\/ideihm.covam.es\/portal\/wp-json\/wp\/v2\/pages"}],"about":[{"href":"https:\/\/ideihm.covam.es\/portal\/wp-json\/wp\/v2\/types\/page"}],"author":[{"embeddable":true,"href":"https:\/\/ideihm.covam.es\/portal\/wp-json\/wp\/v2\/users\/4"}],"replies":[{"embeddable":true,"href":"https:\/\/ideihm.covam.es\/portal\/wp-json\/wp\/v2\/comments?post=1941"}],"version-history":[{"count":17,"href":"https:\/\/ideihm.covam.es\/portal\/wp-json\/wp\/v2\/pages\/1941\/revisions"}],"predecessor-version":[{"id":1959,"href":"https:\/\/ideihm.covam.es\/portal\/wp-json\/wp\/v2\/pages\/1941\/revisions\/1959"}],"wp:attachment":[{"href":"https:\/\/ideihm.covam.es\/portal\/wp-json\/wp\/v2\/media?parent=1941"}],"curies":[{"name":"wp","href":"https:\/\/api.w.org\/{rel}","templated":true}]}}