{"id":204,"date":"2022-02-01T10:55:07","date_gmt":"2022-02-01T09:55:07","guid":{"rendered":"https:\/\/ideihm.covam.es\/portal\/?page_id=204"},"modified":"2026-02-27T10:43:56","modified_gmt":"2026-02-27T08:43:56","slug":"presentacion-geoportal","status":"publish","type":"page","link":"https:\/\/ideihm.covam.es\/portal\/presentacion-geoportal\/","title":{"rendered":"Presentaci\u00f3n"},"content":{"rendered":"\t\t<div data-elementor-type=\"wp-page\" data-elementor-id=\"204\" class=\"elementor elementor-204\">\n\t\t\t\t\t\t<section class=\"elementor-section elementor-top-section elementor-element elementor-element-c6d13d0 elementor-section-boxed elementor-section-height-default elementor-section-height-default\" data-id=\"c6d13d0\" data-element_type=\"section\" data-settings=\"{&quot;background_background&quot;:&quot;classic&quot;}\">\n\t\t\t\t\t\t\t<div class=\"elementor-background-overlay\"><\/div>\n\t\t\t\t\t\t\t<div class=\"elementor-container elementor-column-gap-default\">\n\t\t\t\t\t<div class=\"elementor-column elementor-col-100 elementor-top-column elementor-element elementor-element-551efd8\" data-id=\"551efd8\" data-element_type=\"column\">\n\t\t\t<div class=\"elementor-widget-wrap elementor-element-populated\">\n\t\t\t\t\t\t<div class=\"elementor-element elementor-element-113b5f5 elementor-widget elementor-widget-heading\" data-id=\"113b5f5\" data-element_type=\"widget\" data-widget_type=\"heading.default\">\n\t\t\t\t<div class=\"elementor-widget-container\">\n\t\t\t\t\t<h1 class=\"elementor-heading-title elementor-size-default\">Presentaci\u00f3n del Geoportal<\/h1>\t\t\t\t<\/div>\n\t\t\t\t<\/div>\n\t\t\t\t\t<\/div>\n\t\t<\/div>\n\t\t\t\t\t<\/div>\n\t\t<\/section>\n\t\t\t\t<section class=\"elementor-section elementor-top-section elementor-element elementor-element-16747bd elementor-section-boxed elementor-section-height-default elementor-section-height-default\" data-id=\"16747bd\" data-element_type=\"section\">\n\t\t\t\t\t\t<div class=\"elementor-container elementor-column-gap-default\">\n\t\t\t\t\t<div class=\"elementor-column elementor-col-100 elementor-top-column elementor-element elementor-element-1227818\" data-id=\"1227818\" data-element_type=\"column\">\n\t\t\t<div class=\"elementor-widget-wrap elementor-element-populated\">\n\t\t\t\t\t\t<div class=\"elementor-element elementor-element-e7bf3b4 elementor-widget__width-initial elementor-widget elementor-widget-video\" data-id=\"e7bf3b4\" data-element_type=\"widget\" data-settings=\"{&quot;video_type&quot;:&quot;hosted&quot;,&quot;show_image_overlay&quot;:&quot;yes&quot;,&quot;image_overlay&quot;:{&quot;url&quot;:&quot;https:\\\/\\\/ideihm.covam.es\\\/portal\\\/wp-content\\\/uploads\\\/img_video.png&quot;,&quot;id&quot;:1444,&quot;size&quot;:&quot;&quot;,&quot;alt&quot;:&quot;&quot;,&quot;source&quot;:&quot;library&quot;},&quot;controls&quot;:&quot;yes&quot;}\" data-widget_type=\"video.default\">\n\t\t\t\t<div class=\"elementor-widget-container\">\n\t\t\t\t\t\t\t<div class=\"e-hosted-video elementor-wrapper elementor-open-inline\">\n\t\t\t\t\t<video class=\"elementor-video\" src=\"https:\/\/ideihm.covam.es\/portal\/wp-content\/uploads\/IHM_Corto_1080.webm\" controls=\"\" preload=\"metadata\" controlsList=\"nodownload\"><\/video>\n\t\t\t\t\t\t<div class=\"elementor-custom-embed-image-overlay\" style=\"background-image: url(https:\/\/ideihm.covam.es\/portal\/wp-content\/uploads\/img_video.png);\">\n\t\t\t\t\t\t\t\t\t\t\t\t\t\t\t\t<div class=\"elementor-custom-embed-play\" role=\"button\" aria-label=\"Reproducir v\u00eddeo\" tabindex=\"0\">\n\t\t\t\t\t\t\t<i aria-hidden=\"true\" class=\"eicon-play\"><\/i>\t\t\t\t\t\t<\/div>\n\t\t\t\t\t\t\t\t\t<\/div>\n\t\t\t\t\t<\/div>\n\t\t\t\t\t\t<\/div>\n\t\t\t\t<\/div>\n\t\t\t\t\t<\/div>\n\t\t<\/div>\n\t\t\t\t\t<\/div>\n\t\t<\/section>\n\t\t\t\t<section class=\"elementor-section elementor-top-section elementor-element elementor-element-0433cb1 elementor-section-boxed elementor-section-height-default elementor-section-height-default\" data-id=\"0433cb1\" data-element_type=\"section\">\n\t\t\t\t\t\t<div class=\"elementor-container elementor-column-gap-default\">\n\t\t\t\t\t<div class=\"elementor-column elementor-col-100 elementor-top-column elementor-element elementor-element-6532156\" data-id=\"6532156\" data-element_type=\"column\">\n\t\t\t<div class=\"elementor-widget-wrap elementor-element-populated\">\n\t\t\t\t\t\t<div class=\"elementor-element elementor-element-03af2d4 elementor-widget elementor-widget-text-editor\" data-id=\"03af2d4\" data-element_type=\"widget\" data-widget_type=\"text-editor.default\">\n\t\t\t\t<div class=\"elementor-widget-container\">\n\t\t\t\t\t\t\t\t\t<p><img decoding=\"async\" class=\"alignleft\" src=\"https:\/\/ideihm.covam.es\/portal\/wp-content\/uploads\/logo-ide-ihm.png\" alt=\"logo IdeIHM\" width=\"200\" height=\"200\">Con la apertura de este GeoPortal, el <span style=\"text-decoration: underline;\"><a href=\"https:\/\/armada.defensa.gob.es\/ArmadaPortal\/page\/Portal\/ArmadaEspannola\/cienciaihm1\/prefLang-es\/\" target=\"_blank\" rel=\"noopener\">Instituto Hidrogr\u00e1fico de la Marina (IHM)<\/a><\/span>, se suma a la ya nutrida lista de Organismos que ofrecen sus <strong>datos geogr\u00e1ficos al p\u00fablico bajo la Infraestructura de Datos Espaciales de Espa\u00f1a (IDEE)<\/strong> basada en la <span style=\"text-decoration: underline;\"><a href=\"https:\/\/ideihm.covam.es\/Legislacion\/Ley14-2010LISIGE.pdf\" target=\"_blank\" rel=\"noopener\">Ley 14\/2010 sobre las Infraestructuras y servicios de informaci\u00f3n geogr\u00e1fica en Espa\u00f1a (LISIGE)<\/a><\/span> que nace, a su vez, como transposici\u00f3n de la <span style=\"text-decoration: underline;\"><a href=\"https:\/\/ideihm.covam.es\/Legislacion\/DIRECTIVAINSPIREESPANOL.pdf\" target=\"_blank\" rel=\"noopener\">Directiva Europea 2007\/2\/CE (INSPIRE)<\/a><\/span>.<\/p>\n<p>Esta apertura nace por la necesidad de cumplir con la mencionada legislaci\u00f3n y para atender, de acuerdo a ella, la creciente necesidad que la sociedad tiene de emplear la informaci\u00f3n geogr\u00e1fica n\u00e1utica para otros fines distintos al de la propia navegaci\u00f3n.<\/p>\n<p>Es necesario recalcar que <strong>la misi\u00f3n principal del IHM es contribuir a la seguridad en la navegaci\u00f3n mediante la edici\u00f3n y producci\u00f3n de la cartograf\u00eda n\u00e1utica<\/strong> y publicaciones asociadas, misi\u00f3n asignada por la <span style=\"text-decoration: underline;\"><a href=\"https:\/\/ideihm.covam.es\/Legislacion\/Ley7-1986OrdenacionCartografia.pdf\" target=\"_blank\" rel=\"noopener\">Ley 7\/1986 de Ordenaci\u00f3n de la cartograf\u00eda<\/a><\/span>. De esta forma, <strong>el IHM se encarga de la producci\u00f3n de la cartograf\u00eda n\u00e1utica oficial del Estado<\/strong>, tanto en su versi\u00f3n de papel como digital. Sin embargo, las peculiaridades de este tipo de cartograf\u00eda, principalmente debidas a su continua actualizaci\u00f3n (semanal) y el compromiso con la seguridad que conlleva, tiene como resultado un producto digital (<span style=\"text-decoration: underline;\"><a href=\"https:\/\/armada.defensa.gob.es\/ArmadaPortal\/page\/Portal\/ArmadaEspannola\/cienciaihm1\/prefLang-es\/02ProductosServicios--08InfoInteres--01conceptosENCECDIS\" target=\"_blank\" rel=\"noopener\">Electronic Navigational Chart, ENC<\/a><\/span>) muy espec\u00edfico que se encuentra normalizado internacionalmente para su uso exclusivo en las consolas <span style=\"text-decoration: underline;\"><a href=\"https:\/\/armada.defensa.gob.es\/ArmadaPortal\/page\/Portal\/ArmadaEspannola\/cienciaihm1\/prefLang-es\/02ProductosServicios--08InfoInteres--01conceptosENCECDIS--03_conceptoECDIS_es\">ECDIS (Electronic Chart and Display Information System)<\/a><\/span> a bordo de los buques y protegido mediante un sistema de seguridad r\u00edgido que evita su difusi\u00f3n ilegal. As\u00ed, la demanda de la informaci\u00f3n n\u00e1utica digital, por parte de la sociedad, no ha podido ser atendida mediante este producto debido, principalmente a dos factores: el primero es que, el IHM, no debe salir de este esquema de seguridad establecido mediante acuerdos internacionales; y segundo, los demandantes no disponen de las consolas apropiadas capaces de \u00ableer\u00bb este tipo de producto. <\/p>\n<p>Por las razones expuestas, hasta la apertura de este GeoPortal, el IHM, se ha visto en la obligaci\u00f3n de atender las demandas de informaci\u00f3n n\u00e1utica, que se han producido a lo largo de los \u00faltimos a\u00f1os, mediante la creaci\u00f3n de productos espec\u00edficos muy concretos y adaptados a la demanda recibida. Evidentemente, este tipo de servicios han supuesto una carga de trabajo y asignaci\u00f3n de personal espec\u00edfico para ello, que ha supuesto un considerable esfuerzo m\u00e1s all\u00e1 del propio que el IHM ha de realizar para cumplir con su misi\u00f3n principal. Este problema se ha agravado, a\u00fan m\u00e1s, debido a las restricciones sufridas en pol\u00edtica de personal en los \u00faltimos a\u00f1os.<\/p>\n<p>Con este Geoportal IdeIHM, se ofrecen una serie de <strong>servicios de informaci\u00f3n geogr\u00e1fica<\/strong> n\u00e1utica que, indudablemente, satisfar\u00e1n muchas de las demandas recibidas hasta la fecha, ahora, de forma pr\u00e1cticamente autom\u00e1tica. Es voluntad del IHM la ampliaci\u00f3n de los servicios ofrecidos en este GeoPortal para lo que contar\u00e1, sin duda, con aquellas <span style=\"text-decoration: underline;\"><a href=\"mailto: ihmesp@fn.mde.es\">aportaciones<\/a><\/span> que puedan recibirse por parte de sus usuarios y que ser\u00e1n de inestimable ayuda para su desarrollo.<\/p>\t\t\t\t\t\t\t\t<\/div>\n\t\t\t\t<\/div>\n\t\t\t\t\t<\/div>\n\t\t<\/div>\n\t\t\t\t\t<\/div>\n\t\t<\/section>\n\t\t\t\t<section class=\"elementor-section elementor-top-section elementor-element elementor-element-c9f125a elementor-section-height-min-height elementor-section-boxed elementor-section-height-default elementor-section-items-middle\" data-id=\"c9f125a\" data-element_type=\"section\" data-settings=\"{&quot;background_background&quot;:&quot;classic&quot;}\">\n\t\t\t\t\t\t\t<div class=\"elementor-background-overlay\"><\/div>\n\t\t\t\t\t\t\t<div class=\"elementor-container elementor-column-gap-default\">\n\t\t\t\t\t<div class=\"elementor-column elementor-col-100 elementor-top-column elementor-element elementor-element-d83b8af\" data-id=\"d83b8af\" data-element_type=\"column\">\n\t\t\t<div class=\"elementor-widget-wrap elementor-element-populated\">\n\t\t\t\t\t\t<div class=\"elementor-element elementor-element-493bfa8 elementor-widget elementor-widget-heading\" data-id=\"493bfa8\" data-element_type=\"widget\" data-widget_type=\"heading.default\">\n\t\t\t\t<div class=\"elementor-widget-container\">\n\t\t\t\t\t<h2 class=\"elementor-heading-title elementor-size-default\"><a href=\"https:\/\/ideihm.covam.es\/visualizador\" target=\"_blank\">Acceder al Visor<\/a><\/h2>\t\t\t\t<\/div>\n\t\t\t\t<\/div>\n\t\t\t\t\t<\/div>\n\t\t<\/div>\n\t\t\t\t\t<\/div>\n\t\t<\/section>\n\t\t\t\t<section class=\"elementor-section elementor-top-section elementor-element elementor-element-a70de77 elementor-section-boxed elementor-section-height-default elementor-section-height-default\" data-id=\"a70de77\" data-element_type=\"section\">\n\t\t\t\t\t\t<div class=\"elementor-container elementor-column-gap-default\">\n\t\t\t\t\t<div class=\"elementor-column elementor-col-100 elementor-top-column elementor-element elementor-element-4e13ee5\" data-id=\"4e13ee5\" data-element_type=\"column\">\n\t\t\t<div class=\"elementor-widget-wrap elementor-element-populated\">\n\t\t\t\t\t\t<div class=\"elementor-element elementor-element-447eb4b elementor-widget elementor-widget-text-editor\" data-id=\"447eb4b\" data-element_type=\"widget\" data-widget_type=\"text-editor.default\">\n\t\t\t\t<div class=\"elementor-widget-container\">\n\t\t\t\t\t\t\t\t\t<p><span class=\"Estilo1\"><strong>NOTA IMPORTANTE:<\/strong><\/span> <span class=\"Estilo1\">Se ha de tener en cuenta que los productos, aqu\u00ed ofrecidos, son<strong> productos derivados del flujo de producci\u00f3n de la cartograf\u00eda n\u00e1utica oficial<\/strong>. Por este motivo, parte de la informaci\u00f3n mostrada tiene gran similitud con la de las ENC o cartas de papel oficiales. Esto no debe confundir al usuario de forma que pueda interpretar que la informaci\u00f3n mostrada sea susceptible de ser empleada para ninguna actividad relacionada con la navegaci\u00f3n, ya que se comprometer\u00eda gravemente su seguridad. <\/span> <strong>La cartograf\u00eda n\u00e1utica oficial, es actualizada semanalmente<\/strong> por el <a href=\"https:\/\/armada.defensa.gob.es\/ArmadaPortal\/page\/Portal\/ArmadaEspannola\/cienciaihm1\/prefLang-es\/02ProductosServicios--01avisos\" target=\"_blank\" rel=\"noopener\">\u00ab<span style=\"text-decoration: underline;\">Grupo semanal de avisos a los navegantes<\/span>\u00bb<\/a> que informa al navegante de las actualizaciones que debe realizar en la cartograf\u00eda n\u00e1utica oficial, en su poder, para incluir todos aquellos nuevos peligros que puedan haber surgido. Adem\u00e1s, para aquellos peligros m\u00e1s urgentes de notificar, <span style=\"text-decoration: underline;\"><a href=\"http:\/\/www.salvamentomaritimo.es\/\" target=\"_blank\" rel=\"noopener\">Salvamento Mar\u00edtimo (SASEMAR)<\/a>,<\/span> emplea el sistema de <span style=\"text-decoration: underline;\"><a href=\"http:\/\/radioavisos.salvamentomaritimo.es\/\" target=\"_blank\" rel=\"noopener\">radio-avisos<\/a><\/span> costeros que mantienen informado al navegante de forma cont\u00ednua. Por el contrario, <strong>el ritmo de actualizaci\u00f3n de esta IDE es mucho menor, y en ning\u00fan caso ofrece seguridad para la navegaci\u00f3n<\/strong>.<\/p><p><span class=\"Estilo1\">Por parte del IHM, se declina cualquier tipo de responsabilidad en el uso, para fines n\u00e1uticos, de la informaci\u00f3n aqu\u00ed proporcionada.<\/span><\/p>\t\t\t\t\t\t\t\t<\/div>\n\t\t\t\t<\/div>\n\t\t\t\t\t<\/div>\n\t\t<\/div>\n\t\t\t\t\t<\/div>\n\t\t<\/section>\n\t\t\t\t<\/div>\n\t\t","protected":false},"excerpt":{"rendered":"<p>Presentaci\u00f3n del Geoportal https:\/\/ideihm.covam.es\/portal\/wp-content\/uploads\/IHM_Corto_1080.webm Con la apertura de este GeoPortal, el Instituto Hidrogr\u00e1fico de la Marina (IHM), se suma a la ya nutrida lista de Organismos que ofrecen sus datos geogr\u00e1ficos al p\u00fablico bajo la Infraestructura de Datos Espaciales de Espa\u00f1a (IDEE) basada en la Ley 14\/2010 sobre las Infraestructuras y servicios de informaci\u00f3n geogr\u00e1fica [&hellip;]<\/p>\n","protected":false},"author":2,"featured_media":0,"parent":0,"menu_order":0,"comment_status":"closed","ping_status":"closed","template":"elementor_header_footer","meta":{"footnotes":""},"class_list":["post-204","page","type-page","status-publish","hentry"],"yoast_head":"<!-- This site is optimized with the Yoast SEO plugin v26.2 - https:\/\/yoast.com\/wordpress\/plugins\/seo\/ -->\r\n<title>Presentaci\u00f3n - IdeIHM<\/title>\r\n<meta name=\"description\" content=\"Presentaci\u00f3n del Geoportal IDE-IHM: visor, cat\u00e1logo y servicios interoperables para acceder a cartograf\u00eda y datos hidrogr\u00e1ficos del IHM, con descargas, est\u00e1ndares OGC y recursos para usuarios.\" \/>\r\n<meta name=\"robots\" content=\"index, follow, max-snippet:-1, max-image-preview:large, max-video-preview:-1\" \/>\r\n<link rel=\"canonical\" href=\"https:\/\/ideihm.covam.es\/portal\/presentacion-geoportal\/\" \/>\r\n<meta property=\"og:locale\" content=\"es_ES\" \/>\r\n<meta property=\"og:type\" content=\"article\" \/>\r\n<meta property=\"og:title\" content=\"Presentaci\u00f3n - IdeIHM\" \/>\r\n<meta property=\"og:description\" content=\"Presentaci\u00f3n del Geoportal IDE-IHM: visor, cat\u00e1logo y servicios interoperables para acceder a cartograf\u00eda y datos hidrogr\u00e1ficos del IHM, con descargas, est\u00e1ndares OGC y recursos para usuarios.\" \/>\r\n<meta property=\"og:url\" content=\"https:\/\/ideihm.covam.es\/portal\/presentacion-geoportal\/\" \/>\r\n<meta property=\"og:site_name\" content=\"IdeIHM\" \/>\r\n<meta property=\"article:modified_time\" content=\"2026-02-27T08:43:56+00:00\" \/>\r\n<meta property=\"og:image\" content=\"https:\/\/ideihm.covam.es\/portal\/wp-content\/uploads\/logo-ide-ihm.png\" \/>\r\n<meta name=\"twitter:card\" content=\"summary_large_image\" \/>\r\n<meta name=\"twitter:label1\" content=\"Tiempo de lectura\" \/>\n\t<meta name=\"twitter:data1\" content=\"4 minutos\" \/>\r\n<script type=\"application\/ld+json\" class=\"yoast-schema-graph\">{\"@context\":\"https:\/\/schema.org\",\"@graph\":[{\"@type\":\"WebPage\",\"@id\":\"https:\/\/ideihm.covam.es\/portal\/presentacion-geoportal\/\",\"url\":\"https:\/\/ideihm.covam.es\/portal\/presentacion-geoportal\/\",\"name\":\"Presentaci\u00f3n - IdeIHM\",\"isPartOf\":{\"@id\":\"https:\/\/ideihm.covam.es\/portal\/#website\"},\"primaryImageOfPage\":{\"@id\":\"https:\/\/ideihm.covam.es\/portal\/presentacion-geoportal\/#primaryimage\"},\"image\":{\"@id\":\"https:\/\/ideihm.covam.es\/portal\/presentacion-geoportal\/#primaryimage\"},\"thumbnailUrl\":\"https:\/\/ideihm.covam.es\/portal\/wp-content\/uploads\/logo-ide-ihm.png\",\"datePublished\":\"2022-02-01T09:55:07+00:00\",\"dateModified\":\"2026-02-27T08:43:56+00:00\",\"description\":\"Presentaci\u00f3n del Geoportal IDE-IHM: visor, cat\u00e1logo y servicios interoperables para acceder a cartograf\u00eda y datos hidrogr\u00e1ficos del IHM, con descargas, est\u00e1ndares OGC y recursos para usuarios.\",\"breadcrumb\":{\"@id\":\"https:\/\/ideihm.covam.es\/portal\/presentacion-geoportal\/#breadcrumb\"},\"inLanguage\":\"es\",\"potentialAction\":[{\"@type\":\"ReadAction\",\"target\":[\"https:\/\/ideihm.covam.es\/portal\/presentacion-geoportal\/\"]}]},{\"@type\":\"ImageObject\",\"inLanguage\":\"es\",\"@id\":\"https:\/\/ideihm.covam.es\/portal\/presentacion-geoportal\/#primaryimage\",\"url\":\"https:\/\/ideihm.covam.es\/portal\/wp-content\/uploads\/logo-ide-ihm.png\",\"contentUrl\":\"https:\/\/ideihm.covam.es\/portal\/wp-content\/uploads\/logo-ide-ihm.png\",\"width\":153,\"height\":153},{\"@type\":\"BreadcrumbList\",\"@id\":\"https:\/\/ideihm.covam.es\/portal\/presentacion-geoportal\/#breadcrumb\",\"itemListElement\":[{\"@type\":\"ListItem\",\"position\":1,\"name\":\"Portada\",\"item\":\"https:\/\/ideihm.covam.es\/portal\/\"},{\"@type\":\"ListItem\",\"position\":2,\"name\":\"Presentaci\u00f3n\"}]},{\"@type\":\"WebSite\",\"@id\":\"https:\/\/ideihm.covam.es\/portal\/#website\",\"url\":\"https:\/\/ideihm.covam.es\/portal\/\",\"name\":\"IdeIHM\",\"description\":\"Geoportal de la Infraestructura de datos espaciales del Instituto Hidrogr\u00e1fico de la Marina\",\"publisher\":{\"@id\":\"https:\/\/ideihm.covam.es\/portal\/#organization\"},\"potentialAction\":[{\"@type\":\"SearchAction\",\"target\":{\"@type\":\"EntryPoint\",\"urlTemplate\":\"https:\/\/ideihm.covam.es\/portal\/?s={search_term_string}\"},\"query-input\":{\"@type\":\"PropertyValueSpecification\",\"valueRequired\":true,\"valueName\":\"search_term_string\"}}],\"inLanguage\":\"es\"},{\"@type\":\"Organization\",\"@id\":\"https:\/\/ideihm.covam.es\/portal\/#organization\",\"name\":\"IdeIHM\",\"url\":\"https:\/\/ideihm.covam.es\/portal\/\",\"logo\":{\"@type\":\"ImageObject\",\"inLanguage\":\"es\",\"@id\":\"https:\/\/ideihm.covam.es\/portal\/#\/schema\/logo\/image\/\",\"url\":\"https:\/\/ideihm.covam.es\/portal\/wp-content\/uploads\/logo-ide-ihm.png\",\"contentUrl\":\"https:\/\/ideihm.covam.es\/portal\/wp-content\/uploads\/logo-ide-ihm.png\",\"width\":153,\"height\":153,\"caption\":\"IdeIHM\"},\"image\":{\"@id\":\"https:\/\/ideihm.covam.es\/portal\/#\/schema\/logo\/image\/\"}}]}<\/script>\r\n<!-- \/ Yoast SEO plugin. -->","yoast_head_json":{"title":"Presentaci\u00f3n - IdeIHM","description":"Presentaci\u00f3n del Geoportal IDE-IHM: visor, cat\u00e1logo y servicios interoperables para acceder a cartograf\u00eda y datos hidrogr\u00e1ficos del IHM, con descargas, est\u00e1ndares OGC y recursos para usuarios.","robots":{"index":"index","follow":"follow","max-snippet":"max-snippet:-1","max-image-preview":"max-image-preview:large","max-video-preview":"max-video-preview:-1"},"canonical":"https:\/\/ideihm.covam.es\/portal\/presentacion-geoportal\/","og_locale":"es_ES","og_type":"article","og_title":"Presentaci\u00f3n - IdeIHM","og_description":"Presentaci\u00f3n del Geoportal IDE-IHM: visor, cat\u00e1logo y servicios interoperables para acceder a cartograf\u00eda y datos hidrogr\u00e1ficos del IHM, con descargas, est\u00e1ndares OGC y recursos para usuarios.","og_url":"https:\/\/ideihm.covam.es\/portal\/presentacion-geoportal\/","og_site_name":"IdeIHM","article_modified_time":"2026-02-27T08:43:56+00:00","og_image":[{"url":"https:\/\/ideihm.covam.es\/portal\/wp-content\/uploads\/logo-ide-ihm.png","type":"","width":"","height":""}],"twitter_card":"summary_large_image","twitter_misc":{"Tiempo de lectura":"4 minutos"},"schema":{"@context":"https:\/\/schema.org","@graph":[{"@type":"WebPage","@id":"https:\/\/ideihm.covam.es\/portal\/presentacion-geoportal\/","url":"https:\/\/ideihm.covam.es\/portal\/presentacion-geoportal\/","name":"Presentaci\u00f3n - IdeIHM","isPartOf":{"@id":"https:\/\/ideihm.covam.es\/portal\/#website"},"primaryImageOfPage":{"@id":"https:\/\/ideihm.covam.es\/portal\/presentacion-geoportal\/#primaryimage"},"image":{"@id":"https:\/\/ideihm.covam.es\/portal\/presentacion-geoportal\/#primaryimage"},"thumbnailUrl":"https:\/\/ideihm.covam.es\/portal\/wp-content\/uploads\/logo-ide-ihm.png","datePublished":"2022-02-01T09:55:07+00:00","dateModified":"2026-02-27T08:43:56+00:00","description":"Presentaci\u00f3n del Geoportal IDE-IHM: visor, cat\u00e1logo y servicios interoperables para acceder a cartograf\u00eda y datos hidrogr\u00e1ficos del IHM, con descargas, est\u00e1ndares OGC y recursos para usuarios.","breadcrumb":{"@id":"https:\/\/ideihm.covam.es\/portal\/presentacion-geoportal\/#breadcrumb"},"inLanguage":"es","potentialAction":[{"@type":"ReadAction","target":["https:\/\/ideihm.covam.es\/portal\/presentacion-geoportal\/"]}]},{"@type":"ImageObject","inLanguage":"es","@id":"https:\/\/ideihm.covam.es\/portal\/presentacion-geoportal\/#primaryimage","url":"https:\/\/ideihm.covam.es\/portal\/wp-content\/uploads\/logo-ide-ihm.png","contentUrl":"https:\/\/ideihm.covam.es\/portal\/wp-content\/uploads\/logo-ide-ihm.png","width":153,"height":153},{"@type":"BreadcrumbList","@id":"https:\/\/ideihm.covam.es\/portal\/presentacion-geoportal\/#breadcrumb","itemListElement":[{"@type":"ListItem","position":1,"name":"Portada","item":"https:\/\/ideihm.covam.es\/portal\/"},{"@type":"ListItem","position":2,"name":"Presentaci\u00f3n"}]},{"@type":"WebSite","@id":"https:\/\/ideihm.covam.es\/portal\/#website","url":"https:\/\/ideihm.covam.es\/portal\/","name":"IdeIHM","description":"Geoportal de la Infraestructura de datos espaciales del Instituto Hidrogr\u00e1fico de la Marina","publisher":{"@id":"https:\/\/ideihm.covam.es\/portal\/#organization"},"potentialAction":[{"@type":"SearchAction","target":{"@type":"EntryPoint","urlTemplate":"https:\/\/ideihm.covam.es\/portal\/?s={search_term_string}"},"query-input":{"@type":"PropertyValueSpecification","valueRequired":true,"valueName":"search_term_string"}}],"inLanguage":"es"},{"@type":"Organization","@id":"https:\/\/ideihm.covam.es\/portal\/#organization","name":"IdeIHM","url":"https:\/\/ideihm.covam.es\/portal\/","logo":{"@type":"ImageObject","inLanguage":"es","@id":"https:\/\/ideihm.covam.es\/portal\/#\/schema\/logo\/image\/","url":"https:\/\/ideihm.covam.es\/portal\/wp-content\/uploads\/logo-ide-ihm.png","contentUrl":"https:\/\/ideihm.covam.es\/portal\/wp-content\/uploads\/logo-ide-ihm.png","width":153,"height":153,"caption":"IdeIHM"},"image":{"@id":"https:\/\/ideihm.covam.es\/portal\/#\/schema\/logo\/image\/"}}]}},"_links":{"self":[{"href":"https:\/\/ideihm.covam.es\/portal\/wp-json\/wp\/v2\/pages\/204","targetHints":{"allow":["GET"]}}],"collection":[{"href":"https:\/\/ideihm.covam.es\/portal\/wp-json\/wp\/v2\/pages"}],"about":[{"href":"https:\/\/ideihm.covam.es\/portal\/wp-json\/wp\/v2\/types\/page"}],"author":[{"embeddable":true,"href":"https:\/\/ideihm.covam.es\/portal\/wp-json\/wp\/v2\/users\/2"}],"replies":[{"embeddable":true,"href":"https:\/\/ideihm.covam.es\/portal\/wp-json\/wp\/v2\/comments?post=204"}],"version-history":[{"count":1,"href":"https:\/\/ideihm.covam.es\/portal\/wp-json\/wp\/v2\/pages\/204\/revisions"}],"predecessor-version":[{"id":1935,"href":"https:\/\/ideihm.covam.es\/portal\/wp-json\/wp\/v2\/pages\/204\/revisions\/1935"}],"wp:attachment":[{"href":"https:\/\/ideihm.covam.es\/portal\/wp-json\/wp\/v2\/media?parent=204"}],"curies":[{"name":"wp","href":"https:\/\/api.w.org\/{rel}","templated":true}]}}